 4*a - 6, 0 = 2*a + 6. Suppose 2*u + j*h - 35 = -5*h, 0 = u - 2*h - 40. What is the units digit of u?
0
Suppose -3*h = 3*n, 0*n + h - 15 = -4*n. Let r be (0/1)/(-4) + 4. Suppose n*b + 5 = 4*u + 2, 3*u = -r*b + 10. What is the units digit of b?
1
Suppose -5*r + 3 = -2*g - 4*r, 0 = -5*r + 15. Suppose g*w = -4*w. Suppose -3*y + 15 + 6 = w. What is the units digit of y?
7
Let n be 844/14 - 4/14. Let u be 3/(-3 + (-9)/(-2)). Suppose s = -4*f + 5*s + n, 0 = u*f + 3*s - 15. What is the tens digit of f?
1
Suppose 2*a - 2 = 4*j - 0*a, -5*j + 5*a = 10. What is the units digit of j?
1
Suppose 3*w - 147 = 6*w. What is the tens digit of (-354)/(-14) - (-14)/w?
2
Let k be -2*(21/(-6) - -2). Suppose -k*p = p - 80. What is the tens digit of p?
2
Let d(t) = 2*t**2 + 4*t + 2. Let m(p) = 3*p**2 + 5*p + 2. Let q(u) = 4*d(u) - 3*m(u). What is the units digit of q(0)?
2
Let u be (-70)/21*18/(-10). Suppose w - u = 11. What is the tens digit of w?
1
Suppose 0 = -0*k + 4*k + 4. What is the units digit of (8/(-5))/(k/5)?
8
Suppose -a - 2*a = -9. Let o(s) = s + 5. Let p be o(-7). What is the units digit of (-9)/p*2/a?
3
Let g = 12 + -10. What is the units digit of g?
2
Let i = -6 - -8. What is the units digit of i?
2
Suppose -2*g = 4*m + 14, 2*g = -0*g - 2*m - 18. Let j = g + 14. What is the units digit of j?
3
Suppose -4*n = q - 244, 0 = 3*q - 0*q + 3*n - 732. What is the tens digit of q?
4
Let y(x) = -x**2 - 9*x - 7. Let c be y(-7). Let g = 21 - c. What is the tens digit of g?
1
Let j = -4 - -8. Suppose j*p = 6*p - 4. What is the units digit of p?
2
Let p(h) = -h**2 - 7*h + 3. Suppose 3*l - 2 = -23. What is the units digit of p(l)?
3
Let a(n) = 2*n - 6. Let y(h) = 3*h**3 + h + h - h. Let d be y(1). What is the units digit of a(d)?
2
Suppose 2*x + a = 8, -5*x + 3*a = -2*a + 10. Suppose 5*v - 3*p + p = -34, -3*v - x*p - 14 = 0. Let q = v - -15. What is the units digit of q?
9
Let u(s) = -1 + 3 + 0*s - 2*s - 4. What is the units digit of u(-6)?
0
Suppose h + i - 211 = 0, 5*h - 3*h + i - 417 = 0. What is the tens digit of h?
0
Let p(t) be the first derivative of t**3/3 + 2*t**2 + 6*t + 2. Let g be p(-4). What is the units digit of (-1 - -3)*g/12?
1
Let o(x) = 5*x + 3. Let y(w) = -w**2 - 6*w + 10. Let h be y(-7). What is the units digit of o(h)?
8
Let h = 39 - 68. Let w = h + 75. What is the tens digit of w?
4
Suppose -4*w + b + 4*b = 8, 4*w = 2*b - 8. What is the units digit of 1*(0 + 3 + w)?
1
Let i = 7 - 12. Let z(u) = u**2 + 7*u + 6. Let r be z(-7). Let w = i + r. What is the units digit of w?
1
Let o(h) = 0*h**2 + 9 - 10*h + h**2 + h. What is the tens digit of o(10)?
1
Let t(l) = 174*l**3 + 2*l**2 - l. What is the hundreds digit of t(1)?
1
Let h(d) = -d**2 + d + 6. Suppose 3*b + 2*w = -1 - 1, w = -2*b - 1. Let c be h(b). Suppose 0 = -5*y + 4 + c. What is the units digit of y?
2
Let j = -31 + 46. Suppose 0 = -3*t + 4*l + 24, 0 = 3*t + 5*l - 36 - j. Let q = 18 - t. What is the units digit of q?
6
Suppose w - 2 = -2*g, -5*g + 38 = -2*w + 6. Let k = 7 - w. What is the tens digit of k?
1
Let i(v) = 16*v**2 - 3*v + 10. What is the units digit of i(-3)?
3
Suppose 3*r - f - 157 = f, 0 = r + 3*f - 34. Let i = -33 + r. What is the units digit of i?
6
Let x(u) = -19*u - 11. What is the tens digit of x(-5)?
8
Let o = 48 + -19. What is the units digit of o?
9
Let w(s) be the first derivative of -s**5/20 - s**4/12 + s**3/3 - 2*s - 1. Let l(m) be the first derivative of w(m). What is the units digit of l(-3)?
2
Let q be 3/4 + (-7)/(-28). What is the units digit of -2 + (1 - q) + 36?
4
Let d be ((-371)/(-28))/(2/(-8)). Let r = -13 - d. What is the tens digit of r?
4
Let z(j) = j**2 - 8*j + 13. What is the units digit of z(7)?
6
Let h(w) = w**3 + 5*w**2 - 2*w. Let f be h(-5). Let r be -6*(1 - f/6). Let u(p) = 3*p - 6. What is the units digit of u(r)?
6
Let f(p) = -6*p - 1. Let z be f(-1). Let g = -23 - -37. Suppose u - z = -2*k + 7, -2*u = 2*k - g. What is the units digit of k?
5
Let f(u) = -u - 4. Let i be f(-3). What is the tens digit of (i - (1 + -18))/1?
1
Let r(p) = p**2 + p - 7. What is the units digit of r(3)?
5
Suppose -77 = m - 4*m + a, m = -2*a + 21. What is the units digit of m?
5
Suppose 0 = -u - 2 - 8. Let y = -5 - u. What is the units digit of y?
5
Suppose -5*p - 3*q = -8 - 13, -10 = -5*q. What is the units digit of ((-10)/(-3))/(1/p)?
0
Let u = -53 - -128. What is the tens digit of u?
7
Let q(g) = g**3 + 4*g**2 - 5*g - 1. What is the units digit of q(-4)?
9
Let v(p) = -p + 19. Let q be v(9). Let j = q + -7. What is the units digit of j?
3
Let t = 201 - 81. What is the tens digit of t?
2
Let m(b) = 2*b. Let x be m(-5). Let k be (-66)/x - (-4)/10. Suppose -y - 2*q = -6*q + 3, -2*q = 5*y - k. What is the units digit of y?
1
Suppose 2*a + 6 = l, -2*a - 7 = 4*l + 9. Let v be (-9)/2 - 1/l. What is the units digit of (2/v)/(2/(-24))?
6
Suppose -z + 295 = 5*n + 2*z, z - 236 = -4*n. What is the tens digit of n?
5
Suppose 4*g - 2*g + 6 = 0. Let z(k) = -3*k. What is the units digit of z(g)?
9
Let f be 5 - (-2 + (-2 - -6)). Suppose -f*s + 1 = 10. Let t = 8 + s. What is the units digit of t?
5
Suppose -z = -5*l - 161, -599 = -2*z - 2*z + 5*l. Suppose -4*p + 148 = 2*n, -4*p = 2*n - n - z. What is the units digit of p?
6
Suppose 2*f - 5*z - 7 = -0*z, 2*z = 4*f - 54. What is the units digit of f?
6
Suppose -2*p = 2*n - 3*n - 11, 30 = 5*p - 5*n. Suppose 5*h = -5*j + 2*j - p, -28 = -4*j + 2*h. What is the units digit of j?
5
Let u(v) = -v**3 + 10*v**2 - 3*v. What is the tens digit of u(9)?
5
Suppose 3*l + 0*l - 57 = 0. What is the units digit of l?
9
Let d = -71 - -151. Suppose -d = 3*l - 8*l. Let w = l - 8. What is the units digit of w?
8
Let f(u) = u**3 + 25*u**2 + 39*u + 16. What is the units digit of f(-23)?
7
Let c(a) = -a**3 - 9*a**2 - 10*a - 9. Let g be (88/33)/(2/(-6)). What is the units digit of c(g)?
7
Let o = 347 + -221. What is the hundreds digit of o?
1
Suppose -2*b + 6 + 6 = 0. Suppose -2*p + b*c + 8 = 3*c, 4*p = 4*c + 20. What is the units digit of p?
7
Let c = -4 + 1. Let m = c - -8. Suppose 9 - 34 = -m*i - p, 2*p = -3*i + 22. What is the units digit of i?
4
Let q be 10*(-3)/(-12)*4. Suppose q = 3*w + 2*w. What is the units digit of w?
2
Let n = 8 + -11. Let z be (n*1)/(6/(-10)). Suppose 3*w + z*m = 2*w - 11, -5*w - 4*m + 29 = 0. What is the units digit of w?
9
Suppose 3*b = -k + 353, 0 = -b - 5*k + 6 + 107. What is the tens digit of b?
1
Let r(x) = -x**3 - x**2 - 3*x - 3. Let m be r(-2). Suppose -2 = y - m. Suppose -y*f - 3*s = -28 - 7, -s - 7 = -f. What is the units digit of f?
7
Let n be (-2)/(-11) - (-57)/(-11). Let j(u) = -4*u - 4. What is the tens digit of j(n)?
1
Suppose -h - 4 = -3*h. Suppose -h*a + 9 = a. What is the units digit of (-2*7)/(1 - a)?
7
Suppose 8*o + 2*r - 126 = 7*o, 3*r = 0. What is the hundreds digit of o?
1
Suppose 21 + 6 = -3*y. Let g = 3 + y. Let j(w) = -w - 5. What is the units digit of j(g)?
1
Let g = 69 - 34. What is the units digit of g?
5
Let f = 9 - 12. Let i = f + 9. What is the units digit of i?
6
Let h be 4/(-6) + 59/3. Let j = h + -10. Suppose 0*l + 3*l = j, -4*l + 14 = 2*a. What is the units digit of a?
1
Let j(u) = 2*u**2 - 14*u - 3. What is the tens digit of j(9)?
3
Suppose 4*y = 3*b - 155, 0 = 4*y - b + 4*b + 173. Let l = -27 - y. What is the units digit of 175/l*8/10?
0
Let v(c) = 11*c + 8. Let m(n) = n + 1. Let h(z) = -6*m(z) + v(z). Let p be h(2). Let q = p - 8. What is the units digit of q?
4
Suppose -14 - 370 = -2*u. What is the hundreds digit of u?
1
Let u(v) = v**2 + 6*v + 7. Let y be u(-5). Let s = 3 + y. Suppose -2*i = -4*i - 3*q, 7 = -i - s*q. What is the units digit of i?
3
Let d(p) = p**3 + 5*p**2 - 7*p - 6. Let m be d(-6). Suppose -4*l = -4*i, 7*i - 3*i - 8 = 2*l. Suppose m = l*a + a - 35. What is the units digit of a?
7
Suppose -x + 4*x - 15 = 0. Let j be (-3 + (-24)/(-9))*0. Let s = x - j. What is the units digit of s?
5
Suppose 11*m - 458 + 150 = 0. What is the units digit of m?
8
Let x be (-123)/(-5) + (-15)/25. Suppose p - 2*p + 4*j = 18, x = -3*p + 2*j. Let i = -5 - p. What is the units digit of i?
1
Suppose -18 = -4*j + j. Let o(y) = -2*y + 12. Let m be o(8). Let l = j + m. What is the units digit of l?
2
Let h = 8 - 5. What is the units digit of 25/h + (-6)/(-9)?
9
Let x = 26 + -12. Let d = x + -12. What i